{"id":94,"date":"2025-02-24T20:56:32","date_gmt":"2025-02-24T20:56:32","guid":{"rendered":"https:\/\/ispr.academy\/2025\/?page_id=94"},"modified":"2025-09-29T22:03:06","modified_gmt":"2025-09-29T22:03:06","slug":"registration","status":"publish","type":"page","link":"https:\/\/ispr.academy\/2025\/submission\/registration\/","title":{"rendered":"Registration"},"content":{"rendered":"\n<figure class=\"wp-block-table\"><table class=\"has-fixed-layout\"><tbody><tr><td>&nbsp;<\/td><td><strong>Early Registration<\/strong><\/td><td><strong>Late Registration<\/strong><\/td><\/tr><tr><td>&nbsp;<\/td><td><strong>(by September 30, 2025)<\/strong><\/td><td><strong>(October 1 \u2013 <strong>October <\/strong>8, 2025)<\/strong><\/td><\/tr><tr><td><strong>Academician<\/strong><\/td><td>\u20ac 100,00<\/td><td>\u20ac 120,00<\/td><\/tr><tr><td><strong>Student<\/strong><\/td><td>\u20ac 50,00<\/td><td>\u20ac 60,00<\/td><\/tr><tr><td><strong>Each Additional Paper<\/strong><\/td><td>\u20ac 40,00<\/td><td>\u20ac 40,00<\/td><\/tr><\/tbody><\/table><\/figure>\n\n\n\n<p><strong>Registration fee includes:<\/strong><\/p>\n\n\n\n<ul class=\"wp-block-list\">\n<li>Presentation of one paper<\/li>\n\n\n\n<li>Publication of one paper in e-book of&nbsp;<strong>Springer<\/strong><strong>Verlag<\/strong>&nbsp;in case of early registration (printed book is optional at a discounted&nbsp; price)<\/li>\n\n\n\n<li>Certificate of Presentation<\/li>\n\n\n\n<li>Access to all sessions of symposium<\/li>\n<\/ul>\n\n\n\n<p>At least one of the authors of each accepted paper must register for the symposium.<\/p>\n\n\n\n<hr class=\"wp-block-separator has-alpha-channel-opacity\"\/>\n\n\n\n<p><strong>\u00dcretim Ara\u015ft\u0131rmalar\u0131 Derne\u011fi <\/strong><\/p>\n\n\n\n<p><strong>Hesap numaralar\u0131 ve IBAN no.lar\u0131:<\/strong><\/p>\n\n\n\n<p>TL ACCOUNT: 00158 0072 8789 9097<br>IBAN NO: TR54 00015 00158 0072 8789 9097<\/p>\n\n\n\n<p>USD ACCOUNT: 00158 0480 0070 5412<br>IBAN NO: TR77 00015 00158 0480 0070 5412<\/p>\n\n\n\n<p>EUR ACCOUNT: 00158 0480 0070 5415<br>IBAN NO: TR93 00015 00158 0480 0070 5415<\/p>\n\n\n\n<p>Please send your bank reciepts to our email: ispr@ispr.academy<\/p>\n\n\n\n<p><a href=\"https:\/\/forms.gle\/ZMd4sbpb7P4GQdrY6\" data-type=\"link\" data-id=\"https:\/\/forms.gle\/ZMd4sbpb7P4GQdrY6\">Please click here to fill the form for registeration!<\/a><\/p>\n","protected":false},"excerpt":{"rendered":"<p>&nbsp; Early Registration Late Registration &nbsp; (by September 30, 2025) (October 1 \u2013 October 8, 2025) Academician \u20ac 100,00 \u20ac 120,00 Student \u20ac 50,00 \u20ac 60,00 Each Additional Paper \u20ac 40,00 \u20ac 40,00 Registration fee includes: At least one of the authors&#8230;<\/p>\n","protected":false},"author":1,"featured_media":0,"parent":67,"menu_order":3,"comment_status":"closed","ping_status":"closed","template":"","meta":{"footnotes":""},"class_list":["post-94","page","type-page","status-publish","hentry"],"_links":{"self":[{"href":"https:\/\/ispr.academy\/2025\/wp-json\/wp\/v2\/pages\/94","targetHints":{"allow":["GET"]}}],"collection":[{"href":"https:\/\/ispr.academy\/2025\/wp-json\/wp\/v2\/pages"}],"about":[{"href":"https:\/\/ispr.academy\/2025\/wp-json\/wp\/v2\/types\/page"}],"author":[{"embeddable":true,"href":"https:\/\/ispr.academy\/2025\/wp-json\/wp\/v2\/users\/1"}],"replies":[{"embeddable":true,"href":"https:\/\/ispr.academy\/2025\/wp-json\/wp\/v2\/comments?post=94"}],"version-history":[{"count":7,"href":"https:\/\/ispr.academy\/2025\/wp-json\/wp\/v2\/pages\/94\/revisions"}],"predecessor-version":[{"id":459,"href":"https:\/\/ispr.academy\/2025\/wp-json\/wp\/v2\/pages\/94\/revisions\/459"}],"up":[{"embeddable":true,"href":"https:\/\/ispr.academy\/2025\/wp-json\/wp\/v2\/pages\/67"}],"wp:attachment":[{"href":"https:\/\/ispr.academy\/2025\/wp-json\/wp\/v2\/media?parent=94"}],"curies":[{"name":"wp","href":"https:\/\/api.w.org\/{rel}","templated":true}]}}