{"id":53,"date":"2025-02-24T20:34:27","date_gmt":"2025-02-24T20:34:27","guid":{"rendered":"https:\/\/ispr.academy\/2025\/?page_id=53"},"modified":"2025-07-28T21:43:28","modified_gmt":"2025-07-28T21:43:28","slug":"institutions","status":"publish","type":"page","link":"https:\/\/ispr.academy\/2025\/ispr\/institutions\/","title":{"rendered":"Institutions"},"content":{"rendered":"\n<ul class=\"wp-block-list\">\n<li><a href=\"https:\/\/ispr.academy\/2025\/ispr\/institutions\/tu-wien\/\" data-type=\"page\" data-id=\"57\">TU-WIEN<\/a><\/li>\n\n\n\n<li><a href=\"http:\/\/itu.edu.tr\/hakkimizda\">\u0130T\u00dc<\/a><\/li>\n\n\n\n<li><a href=\"https:\/\/ispr.academy\/2025\/ispr\/institutions\/sfpr\/\" data-type=\"page\" data-id=\"55\">Society for Production Research (\u00dcretim Ara\u015ft\u0131rmalar\u0131 Derne\u011fi)<\/a><\/li>\n<\/ul>\n","protected":false},"excerpt":{"rendered":"","protected":false},"author":1,"featured_media":0,"parent":17,"menu_order":2,"comment_status":"closed","ping_status":"closed","template":"","meta":{"footnotes":""},"class_list":["post-53","page","type-page","status-publish","hentry"],"_links":{"self":[{"href":"https:\/\/ispr.academy\/2025\/wp-json\/wp\/v2\/pages\/53","targetHints":{"allow":["GET"]}}],"collection":[{"href":"https:\/\/ispr.academy\/2025\/wp-json\/wp\/v2\/pages"}],"about":[{"href":"https:\/\/ispr.academy\/2025\/wp-json\/wp\/v2\/types\/page"}],"author":[{"embeddable":true,"href":"https:\/\/ispr.academy\/2025\/wp-json\/wp\/v2\/users\/1"}],"replies":[{"embeddable":true,"href":"https:\/\/ispr.academy\/2025\/wp-json\/wp\/v2\/comments?post=53"}],"version-history":[{"count":3,"href":"https:\/\/ispr.academy\/2025\/wp-json\/wp\/v2\/pages\/53\/revisions"}],"predecessor-version":[{"id":318,"href":"https:\/\/ispr.academy\/2025\/wp-json\/wp\/v2\/pages\/53\/revisions\/318"}],"up":[{"embeddable":true,"href":"https:\/\/ispr.academy\/2025\/wp-json\/wp\/v2\/pages\/17"}],"wp:attachment":[{"href":"https:\/\/ispr.academy\/2025\/wp-json\/wp\/v2\/media?parent=53"}],"curies":[{"name":"wp","href":"https:\/\/api.w.org\/{rel}","templated":true}]}}