{"id":173,"date":"2025-02-24T21:42:36","date_gmt":"2025-02-24T21:42:36","guid":{"rendered":"https:\/\/ispr.academy\/2025\/?page_id=173"},"modified":"2025-07-29T20:35:27","modified_gmt":"2025-07-29T20:35:27","slug":"invitation","status":"publish","type":"page","link":"https:\/\/ispr.academy\/2025\/welcome\/invitation\/","title":{"rendered":"Invitation"},"content":{"rendered":"\n<h2 class=\"wp-block-heading\">The International Symposium for Production Research 2025 (ISPR2025)<\/h2>\n\n\n\n<p><strong>The 25<sup>th<\/sup> International Symposium for Production Research (ISPR 2025)<\/strong> will be held from <strong>09 to 11 October 2025<\/strong> in hybrid form, face-to-face and virtual with the participants and speakers who will come to <strong>Istanbul Technical University (\u0130T\u00dc), Istanbul, T\u00fcrkiye<\/strong> on the first day, and virtually in the presentation sessions on the subsequent days.<\/p>\n\n\n\n<p>The Program Committee for the ISPR 2025 is seeking for best practices and case studies in all aspects of production and operations management. This year\u2019s motto has been determined as <strong>\u201cAI-Driven Production with Green Sustainability\u201d.<\/strong>&nbsp;<\/p>\n\n\n\n<p>Each paper received by the announced deadline and complying with the formatting instructions in Full Paper Template will be reviewed by two reviewers in a process of double-blind. In reviewing, the following criteria will be taken into consideration: paper\u2019s contribution level to the field, validity of the conclusions, and application aspect of the paper in industry.<\/p>\n\n\n\n<p>Accepted papers will appear in the <strong>\u201cAI-Driven Production with Green Sustainability, Selected Papers from ISPR2025\u201d <\/strong>book, published <strong>by Springer Verlag<\/strong> and <strong>indexed by SCOPUS<\/strong> and <strong>submitted for consideration in Web of Science (WoS).<\/strong> Outstanding symposium papers will be recommended for publication in the <strong>\u201cInternational Journal of Advances in Production Research (IJAPR)\u201d <\/strong>which is published by<strong> Society for Production Research <\/strong>utilizing the<strong> DergiPark <\/strong>infrastructure in editorial processes.<\/p>\n\n\n\n<p>We kindly invite you to submit your full papers for the sessions on production and operations research areas, together with papers around <strong>\u201cAI-Driven Production with Green Sustainability\u201d.<\/strong>&nbsp;<\/p>\n\n\n\n<p>We look forward to seeing you in Istanbul, T\u00fcrkiye!<\/p>\n\n\n\n<div class=\"wp-block-group is-layout-constrained wp-block-group-is-layout-constrained\">\n<figure class=\"wp-block-table is-style-stripes\"><table class=\"has-fixed-layout\"><tbody><tr><td class=\"has-text-align-center\" data-align=\"center\">Prof. Dr. Hatice Camg\u00f6z Akda\u011f<\/td><td class=\"has-text-align-center\" data-align=\"center\">Prof. Dr. M. Numan Durakbasa<\/td><\/tr><tr><td class=\"has-text-align-center\" data-align=\"center\">Istanbul Technical University (ITU)<\/td><td class=\"has-text-align-center\" data-align=\"center\">Vienna University of Technology <br>(TU Wien)<br>President of SPR (\u00dcAD)<\/td><\/tr><\/tbody><\/table><\/figure>\n\n\n\n<p><\/p>\n<\/div>\n","protected":false},"excerpt":{"rendered":"<p>The International Symposium for Production Research 2025 (ISPR2025) The 25th International Symposium for Production Research (ISPR 2025) will be held from 09 to 11 October 2025 in hybrid form, face-to-face and virtual with the participants and speakers who will come to Istanbul&#8230;<\/p>\n","protected":false},"author":1,"featured_media":0,"parent":41,"menu_order":0,"comment_status":"closed","ping_status":"closed","template":"","meta":{"footnotes":""},"class_list":["post-173","page","type-page","status-publish","hentry"],"_links":{"self":[{"href":"https:\/\/ispr.academy\/2025\/wp-json\/wp\/v2\/pages\/173","targetHints":{"allow":["GET"]}}],"collection":[{"href":"https:\/\/ispr.academy\/2025\/wp-json\/wp\/v2\/pages"}],"about":[{"href":"https:\/\/ispr.academy\/2025\/wp-json\/wp\/v2\/types\/page"}],"author":[{"embeddable":true,"href":"https:\/\/ispr.academy\/2025\/wp-json\/wp\/v2\/users\/1"}],"replies":[{"embeddable":true,"href":"https:\/\/ispr.academy\/2025\/wp-json\/wp\/v2\/comments?post=173"}],"version-history":[{"count":12,"href":"https:\/\/ispr.academy\/2025\/wp-json\/wp\/v2\/pages\/173\/revisions"}],"predecessor-version":[{"id":378,"href":"https:\/\/ispr.academy\/2025\/wp-json\/wp\/v2\/pages\/173\/revisions\/378"}],"up":[{"embeddable":true,"href":"https:\/\/ispr.academy\/2025\/wp-json\/wp\/v2\/pages\/41"}],"wp:attachment":[{"href":"https:\/\/ispr.academy\/2025\/wp-json\/wp\/v2\/media?parent=173"}],"curies":[{"name":"wp","href":"https:\/\/api.w.org\/{rel}","templated":true}]}}