{"id":41,"date":"2023-01-08T10:34:52","date_gmt":"2023-01-08T10:34:52","guid":{"rendered":"https:\/\/ispr.academy\/2023\/?page_id=41"},"modified":"2023-10-02T17:12:33","modified_gmt":"2023-10-02T14:12:33","slug":"keynote-speakers","status":"publish","type":"page","link":"https:\/\/ispr.academy\/2023\/programme\/keynote-speakers\/","title":{"rendered":"Keynote Speakers"},"content":{"rendered":"\r\n<div class=\"sp-100 bg-w\">\r\n<div class=\"container\">\r\n<div class=\"row\">\r\n<div class=\"col-lg-8\">\r\n<div id=\"post-91\" class=\"post-91 page type-page status-publish hentry\">\r\n<div class=\"blog-detail\">\r\n<div class=\"wp-block-columns\">\r\n<div class=\"wp-block-column\">\r\n<div class=\"wp-block-group\">\r\n<div class=\"wp-block-group__inner-container\">\r\n<div class=\"wp-block-group\">\r\n<div class=\"wp-block-group__inner-container\">\r\n<div class=\"wp-block-columns\">\r\n<div class=\"wp-block-column\">\r\n<figure class=\"wp-block-table is-style-stripes\">\r\n<table style=\"height: 2160px;\" width=\"618\">\r\n<tbody>\r\n<tr>\r\n<td><strong><a href=\"https:\/\/tiss.tuwien.ac.at\/person\/139234.html?suchtext=matyas\">Prof. Kurt Matyas<\/a><\/strong><\/td>\r\n<td><a href=\"https:\/\/www.eng.auburn.edu\/~aesmith\/\"><strong>Prof. Alice E. Smith<\/strong><\/a><\/td>\r\n<td><a href=\"https:\/\/udayton.edu\/directory\/engineering\/deans_office\/kremer-g%C3%BCl-e.php\"><strong>Prof. G\u00fcl E. Kremer<\/strong><\/a><\/td>\r\n<\/tr>\r\n<tr>\r\n<td>\r\n<table>\r\n<tbody>\r\n<tr>\r\n<td>\r\n<p><br \/><img loading=\"lazy\" decoding=\"async\" class=\"size-medium wp-image-462 aligncenter\" src=\"https:\/\/ispr.academy\/2023\/wp-content\/uploads\/2023\/10\/matyas-300x300.jpg\" alt=\"\" width=\"300\" height=\"300\" srcset=\"https:\/\/ispr.academy\/2023\/wp-content\/uploads\/2023\/10\/matyas-300x300.jpg 300w, https:\/\/ispr.academy\/2023\/wp-content\/uploads\/2023\/10\/matyas-150x150.jpg 150w, https:\/\/ispr.academy\/2023\/wp-content\/uploads\/2023\/10\/matyas.jpg 480w\" sizes=\"auto, (max-width: 300px) 100vw, 300px\" \/><\/p>\r\n<p style=\"text-align: center;\">Vice Rector for Academic Affairs <br \/>Vienna University of Technology, Austria<\/p>\r\n<\/td>\r\n<\/tr>\r\n<\/tbody>\r\n<\/table>\r\n<\/td>\r\n<td>\r\n<p>&nbsp;<\/p>\r\n<p><img loading=\"lazy\" decoding=\"async\" class=\"size-medium wp-image-461 aligncenter\" src=\"https:\/\/ispr.academy\/2023\/wp-content\/uploads\/2023\/10\/alice-300x300.jpg\" alt=\"\" width=\"300\" height=\"300\" srcset=\"https:\/\/ispr.academy\/2023\/wp-content\/uploads\/2023\/10\/alice-300x300.jpg 300w, https:\/\/ispr.academy\/2023\/wp-content\/uploads\/2023\/10\/alice-150x150.jpg 150w, https:\/\/ispr.academy\/2023\/wp-content\/uploads\/2023\/10\/alice.jpg 480w\" sizes=\"auto, (max-width: 300px) 100vw, 300px\" \/><\/p>\r\n<p style=\"text-align: center;\">Joe W. Forehand\/Accenture Distinguished Professor<br \/>Department of Industrial and Systems Engineering Auburn University, USA<\/p>\r\n<\/td>\r\n<td>\r\n<p><img loading=\"lazy\" decoding=\"async\" class=\"wp-image-463 aligncenter\" src=\"https:\/\/ispr.academy\/2023\/wp-content\/uploads\/2023\/10\/kremer-300x300.jpg\" alt=\"\" width=\"173\" height=\"173\" srcset=\"https:\/\/ispr.academy\/2023\/wp-content\/uploads\/2023\/10\/kremer-300x300.jpg 300w, https:\/\/ispr.academy\/2023\/wp-content\/uploads\/2023\/10\/kremer-150x150.jpg 150w, https:\/\/ispr.academy\/2023\/wp-content\/uploads\/2023\/10\/kremer.jpg 480w\" sizes=\"auto, (max-width: 173px) 100vw, 173px\" \/><\/p>\r\n<p style=\"text-align: center;\">Dean, School of Engineering<br \/>University of Dayton, USA<\/p>\r\n<\/td>\r\n<\/tr>\r\n<tr>\r\n<td><strong><a href=\"https:\/\/www.researchgate.net\/profile\/Daniela-Popescu-9\">Prof. Daniela Popescu<\/a><\/strong><\/td>\r\n<td><a href=\"https:\/\/engineering.uiowa.edu\/people\/andrew-kusiak\"><strong>Prof. Andrew Kusiak<\/strong><\/a><\/td>\r\n<td><a href=\"https:\/\/www.birmingham.ac.uk\/staff\/profiles\/mechanical\/pham-duc.aspx\"><strong>Prof. Duc Pham<\/strong><\/a><\/td>\r\n<\/tr>\r\n<tr>\r\n<td style=\"text-align: center;\"><img loading=\"lazy\" decoding=\"async\" class=\"size-medium wp-image-457 aligncenter\" src=\"https:\/\/ispr.academy\/2023\/wp-content\/uploads\/2023\/10\/popescu-300x300.jpg\" alt=\"\" width=\"300\" height=\"300\" srcset=\"https:\/\/ispr.academy\/2023\/wp-content\/uploads\/2023\/10\/popescu-300x300.jpg 300w, https:\/\/ispr.academy\/2023\/wp-content\/uploads\/2023\/10\/popescu-150x150.jpg 150w, https:\/\/ispr.academy\/2023\/wp-content\/uploads\/2023\/10\/popescu.jpg 480w\" sizes=\"auto, (max-width: 300px) 100vw, 300px\" \/><br \/>Vice Rector<br \/>Technical University of Cluj-Napoca, Romania<\/td>\r\n<td>\r\n<p><img loading=\"lazy\" decoding=\"async\" class=\"size-medium wp-image-453 aligncenter\" src=\"https:\/\/ispr.academy\/2023\/wp-content\/uploads\/2023\/10\/kusiak1-300x300.jpg\" alt=\"\" width=\"300\" height=\"300\" srcset=\"https:\/\/ispr.academy\/2023\/wp-content\/uploads\/2023\/10\/kusiak1-300x300.jpg 300w, https:\/\/ispr.academy\/2023\/wp-content\/uploads\/2023\/10\/kusiak1-150x150.jpg 150w, https:\/\/ispr.academy\/2023\/wp-content\/uploads\/2023\/10\/kusiak1.jpg 480w\" sizes=\"auto, (max-width: 300px) 100vw, 300px\" \/><\/p>\r\n<p style=\"text-align: center;\">Industrial and Systems Engineering<br \/>University of Iowa Informatics Initiative, USA<\/p>\r\n<\/td>\r\n<td>\r\n<p style=\"text-align: center;\"><img loading=\"lazy\" decoding=\"async\" class=\"size-medium wp-image-460 aligncenter\" src=\"https:\/\/ispr.academy\/2023\/wp-content\/uploads\/2023\/10\/pham1-300x300.jpg\" alt=\"\" width=\"300\" height=\"300\" srcset=\"https:\/\/ispr.academy\/2023\/wp-content\/uploads\/2023\/10\/pham1-300x300.jpg 300w, https:\/\/ispr.academy\/2023\/wp-content\/uploads\/2023\/10\/pham1-150x150.jpg 150w, https:\/\/ispr.academy\/2023\/wp-content\/uploads\/2023\/10\/pham1.jpg 480w\" sizes=\"auto, (max-width: 300px) 100vw, 300px\" \/><br \/>Department of Mechanical Engineering<br \/>The University of Birmingham, UK<br \/><br \/><br \/><br \/><\/p>\r\n<\/td>\r\n<\/tr>\r\n<tr>\r\n<td><strong><a href=\"https:\/\/tr.linkedin.com\/in\/mahmut-f-aksit-29395115\">Prof. Mahmut Ak\u015fit<\/a><\/strong><\/td>\r\n<td><strong><a href=\"https:\/\/ispr.academy\/2022\/wp-content\/uploads\/2022\/06\/Dr.-Gani-Biological-Sketch-.pdf\">Dr.-Ing, \u00d6mer Sahin Ganiyusufoglu<\/a><\/strong><\/td>\r\n<td><strong><a href=\"https:\/\/scholar.google.com\/citations?user=wtNAj88AAAAJ&amp;hl=en\">Prof. William P. Fisher<\/a><\/strong><\/td>\r\n<\/tr>\r\n<tr>\r\n<td>\r\n<p><img loading=\"lazy\" decoding=\"async\" class=\"size-medium wp-image-454 aligncenter\" src=\"https:\/\/ispr.academy\/2023\/wp-content\/uploads\/2023\/10\/mahmutaksit-300x300.jpg\" alt=\"\" width=\"300\" height=\"300\" srcset=\"https:\/\/ispr.academy\/2023\/wp-content\/uploads\/2023\/10\/mahmutaksit-300x300.jpg 300w, https:\/\/ispr.academy\/2023\/wp-content\/uploads\/2023\/10\/mahmutaksit-150x150.jpg 150w, https:\/\/ispr.academy\/2023\/wp-content\/uploads\/2023\/10\/mahmutaksit.jpg 480w\" sizes=\"auto, (max-width: 300px) 100vw, 300px\" \/><\/p>\r\n<p style=\"text-align: center;\">TUSA\u015e Motor Industry Chairman of the Board and General Manager<\/p>\r\n<\/td>\r\n<td>\r\n<p><img loading=\"lazy\" decoding=\"async\" class=\"size-medium wp-image-458 aligncenter\" src=\"https:\/\/ispr.academy\/2023\/wp-content\/uploads\/2023\/10\/drgani-300x300.jpg\" alt=\"\" width=\"300\" height=\"300\" srcset=\"https:\/\/ispr.academy\/2023\/wp-content\/uploads\/2023\/10\/drgani-300x300.jpg 300w, https:\/\/ispr.academy\/2023\/wp-content\/uploads\/2023\/10\/drgani-150x150.jpg 150w, https:\/\/ispr.academy\/2023\/wp-content\/uploads\/2023\/10\/drgani.jpg 480w\" sizes=\"auto, (max-width: 300px) 100vw, 300px\" \/><\/p>\r\n<p style=\"text-align: center;\">QIAP \u2013 Qingdao Inernational Academician Park<br \/>Industrial Development Consultant, China<\/p>\r\n<\/td>\r\n<td style=\"text-align: center;\"><img loading=\"lazy\" decoding=\"async\" class=\"size-medium wp-image-459 aligncenter\" src=\"https:\/\/ispr.academy\/2023\/wp-content\/uploads\/2023\/10\/fisher-300x300.jpg\" alt=\"\" width=\"300\" height=\"300\" srcset=\"https:\/\/ispr.academy\/2023\/wp-content\/uploads\/2023\/10\/fisher-300x300.jpg 300w, https:\/\/ispr.academy\/2023\/wp-content\/uploads\/2023\/10\/fisher-150x150.jpg 150w, https:\/\/ispr.academy\/2023\/wp-content\/uploads\/2023\/10\/fisher.jpg 480w\" sizes=\"auto, (max-width: 300px) 100vw, 300px\" \/><br \/><br \/>Research Associate, BEAR Center, Graduate School of Education University of California, Berkeley<\/td>\r\n<\/tr>\r\n<tr>\r\n<td><strong><a href=\"https:\/\/tr.linkedin.com\/in\/hasan-mandal-62033b55\">Prof. Hasan Mandal<\/a><\/strong><\/td>\r\n<td><a href=\"https:\/\/www.ibb.istanbul\/Permission\/Detail\/167#\" target=\"_blank\" rel=\"noopener\"><strong>Dr. Y\u00fcksel Yal\u00e7\u0131n<\/strong><\/a><\/td>\r\n<td><a href=\"https:\/\/scholar.google.com.tr\/citations?hl=de&amp;user=PoSDKbAAAAAJ&amp;view_op=list_works&amp;sortby=pubdate\"><strong>Prof. Birgit Oberer<\/strong><\/a><\/td>\r\n<\/tr>\r\n<tr>\r\n<td>\r\n<p>&nbsp;<\/p>\r\n<p style=\"text-align: center;\"><img loading=\"lazy\" decoding=\"async\" class=\"size-medium wp-image-452 aligncenter\" src=\"https:\/\/ispr.academy\/2023\/wp-content\/uploads\/2023\/10\/hasanmandal-300x300.jpg\" alt=\"\" width=\"300\" height=\"300\" srcset=\"https:\/\/ispr.academy\/2023\/wp-content\/uploads\/2023\/10\/hasanmandal-300x300.jpg 300w, https:\/\/ispr.academy\/2023\/wp-content\/uploads\/2023\/10\/hasanmandal-150x150.jpg 150w, https:\/\/ispr.academy\/2023\/wp-content\/uploads\/2023\/10\/hasanmandal.jpg 480w\" sizes=\"auto, (max-width: 300px) 100vw, 300px\" \/><\/p>\r\n<p style=\"text-align: center;\">President of TUBITAK-The Scientific and Technological Research Council of T\u00fcrkiye<\/p>\r\n<\/td>\r\n<td>\r\n<p><img loading=\"lazy\" decoding=\"async\" class=\"size-medium wp-image-455 aligncenter\" src=\"https:\/\/ispr.academy\/2023\/wp-content\/uploads\/2023\/10\/yukselyalcin-300x300.jpg\" alt=\"\" width=\"300\" height=\"300\" srcset=\"https:\/\/ispr.academy\/2023\/wp-content\/uploads\/2023\/10\/yukselyalcin-300x300.jpg 300w, https:\/\/ispr.academy\/2023\/wp-content\/uploads\/2023\/10\/yukselyalcin-150x150.jpg 150w, https:\/\/ispr.academy\/2023\/wp-content\/uploads\/2023\/10\/yukselyalcin.jpg 480w\" sizes=\"auto, (max-width: 300px) 100vw, 300px\" \/><\/p>\r\n<p style=\"text-align: center;\">General Manager of Istanbul Enerji A.\u015e.<\/p>\r\n<\/td>\r\n<td>\r\n<p><img loading=\"lazy\" decoding=\"async\" class=\"size-medium wp-image-467 aligncenter\" src=\"https:\/\/ispr.academy\/2023\/wp-content\/uploads\/2023\/10\/birgit-300x300.jpg\" alt=\"\" width=\"300\" height=\"300\" srcset=\"https:\/\/ispr.academy\/2023\/wp-content\/uploads\/2023\/10\/birgit-300x300.jpg 300w, https:\/\/ispr.academy\/2023\/wp-content\/uploads\/2023\/10\/birgit-150x150.jpg 150w, https:\/\/ispr.academy\/2023\/wp-content\/uploads\/2023\/10\/birgit.jpg 480w\" sizes=\"auto, (max-width: 300px) 100vw, 300px\" \/><\/p>\r\n<p style=\"text-align: center;\">International Society of Engineering Pedagogy (IGIP), Austria<br \/><br \/><\/p>\r\n<\/td>\r\n<\/tr>\r\n<\/tbody>\r\n<\/table>\r\n<\/figure>\r\n<\/div>\r\n<\/div>\r\n<\/div>\r\n<\/div>\r\n<\/div>\r\n<\/div>\r\n<\/div>\r\n<\/div>\r\n<\/div>\r\n<\/div>\r\n<\/div>\r\n<\/div>\r\n<\/div>\r\n<\/div>\r\n","protected":false},"excerpt":{"rendered":"<p>Prof. Kurt Matyas Prof. Alice E. Smith Prof. G\u00fcl E. Kremer Vice Rector for Academic Affairs Vienna University of Technology, Austria &nbsp; Joe W. Forehand\/Accenture Distinguished ProfessorDepartment of Industrial and Systems Engineering Auburn University, USA Dean, School of EngineeringUniversity of Dayton, USA Prof. Daniela Popescu Prof. Andrew Kusiak Prof. Duc Pham Vice RectorTechnical University of [&hellip;]<\/p>\n","protected":false},"author":1,"featured_media":0,"parent":37,"menu_order":2,"comment_status":"closed","ping_status":"closed","template":"","meta":{"footnotes":""},"class_list":["post-41","page","type-page","status-publish","hentry"],"_links":{"self":[{"href":"https:\/\/ispr.academy\/2023\/wp-json\/wp\/v2\/pages\/41","targetHints":{"allow":["GET"]}}],"collection":[{"href":"https:\/\/ispr.academy\/2023\/wp-json\/wp\/v2\/pages"}],"about":[{"href":"https:\/\/ispr.academy\/2023\/wp-json\/wp\/v2\/types\/page"}],"author":[{"embeddable":true,"href":"https:\/\/ispr.academy\/2023\/wp-json\/wp\/v2\/users\/1"}],"replies":[{"embeddable":true,"href":"https:\/\/ispr.academy\/2023\/wp-json\/wp\/v2\/comments?post=41"}],"version-history":[{"count":13,"href":"https:\/\/ispr.academy\/2023\/wp-json\/wp\/v2\/pages\/41\/revisions"}],"predecessor-version":[{"id":469,"href":"https:\/\/ispr.academy\/2023\/wp-json\/wp\/v2\/pages\/41\/revisions\/469"}],"up":[{"embeddable":true,"href":"https:\/\/ispr.academy\/2023\/wp-json\/wp\/v2\/pages\/37"}],"wp:attachment":[{"href":"https:\/\/ispr.academy\/2023\/wp-json\/wp\/v2\/media?parent=41"}],"curies":[{"name":"wp","href":"https:\/\/api.w.org\/{rel}","templated":true}]}}